2*n**2 - 4410*n + 515988. Calculate j(124).
-100
Let k(d) = 2*d**2 - 198865*d + 1193129. Determine k(6).
11
Let c(p) = 3179*p + 1020702. What is c(-321)?
243
Let m(q) = -166116*q + 6976876. What is m(42)?
4
Let c(n) = -46*n + 690. Determine c(-17).
1472
Let g(w) = 102*w**2 + 3170*w - 3004. Determine g(-32).
4
Let z(x) = -12*x**3 - 104*x**2 + 35*x - 20. Give z(-9).
-11
Let a(s) = 14563*s + 43812. Determine a(-3).
123
Let y(o) = -o**3 - 2*o**2 + 4284*o + 29947. Give y(-7).
204
Let i(g) = -20085*g - 385. Give i(0).
-385
Let a(g) = -2*g**2 - 4488*g - 40214. Calculate a(-9).
16
Let z(w) = -w**3 - 23*w**2 - 50*w - 116. Determine z(-18).
-836
Let c(o) = -385*o**2 - 15788*o + 8. Give c(-41).
131
Let l(d) = 7524*d - 165571. What is l(22)?
-43
Let r(j) = -247366*j - 13357773. Calculate r(-54).
-9
Let k(o) = -32*o**3 + 356*o**2 - 9*o - 397. What is k(11)?
-12
Let y(o) = -o**3 + 157*o**2 + 7412*o - 461. Give y(195).
-71
Let g(x) = 3*x**3 - x**2 - 115*x - 71. Calculate g(-7).
-344
Let h(f) = 2943*f - 120698. What is h(41)?
-35
Let d(m) = -6*m**2 + 4*m + 145. Determine d(-9).
-377
Let s(w) = 716*w - 1015. Give s(2).
417
Let s(r) = -16*r**3 + 94*r**2 - 442*r + 2746. Give s(6).
22
Let x(k) = -k**3 - 46*k**2 - 202*k + 1078. Determine x(-8).
262
Let n(q) = -3*q**3 + 6*q**2 - 1004*q + 3032. Determine n(3).
-7
Let d(c) = 72*c**2 - 408*c - 39. What is d(6)?
105
Let u(y) = -18*y**3 + 1131*y - 2279. Give u(2).
-161
Let f(b) = -6*b**2 + 892*b + 5859. Give f(155).
-31
Let w(a) = -a**3 + 22*a**2 + 80*a - 1301. What is w(25)?
-1176
Let w(t) = 2*t**2 + 13723*t + 314573. Determine w(-23).
2
Let i(o) = 89*o**3 - 4*o**2 + 121*o - 115. Calculate i(1).
91
Let u(o) = o**2 + 5977*o - 216497. Calculate u(36).
-29
Let h(t) = -3*t**2 - 25121*t + 276731. Calculate h(11).
37
Let j(s) = -2*s**3 - 85*s**2 - 610*s - 1. Determine j(-33).
-562
Let f(z) = z**2 + 74*z + 982. Calculate f(-33).
-371
Let y(w) = w**3 - 354*w**2 + 3949*w - 291162. What is y(345)?
18
Let m(i) = -11*i**2 + 21*i + 332. What is m(-5)?
-48
Let s(o) = 7*o**3 + 744*o**2 - 541*o - 681. Give s(-107).
-39
Let u(z) = -8*z**2 - 228*z - 1771. Determine u(-15).
-151
Let w(u) = -1502*u + 19561. Calculate w(13).
35
Let u(f) = -f**2 + 80*f - 1227. Determine u(18).
-111
Let f(m) = -m**2 - 345*m - 29471. What is f(-189)?
13
Let g(t) = -9*t**3 - 72*t**2 - 135*t - 63. Determine g(-1).
9
Let r(x) = 88*x**2 + 871*x - 20. Determine r(-10).
70
Let x(g) = -37*g**2 - 788*g + 7. What is x(-23)?
-1442
Let q(a) = -2*a**3 - 587*a**2 + 409*a + 33808. Determine q(-294).
-2
Let a(i) = 5973*i + 191121. What is a(-32)?
-15
Let z(v) = v**3 - 27*v**2 + 178*v - 299. What is z(13)?
-351
Let q(k) = k**3 - 2*k**2 + 1467*k - 4407. Give q(3).
3
Let t(n) = 2*n**3 - 16*n**2 + 17*n + 29. Calculate t(9).
344
Let a(u) = 2679*u - 74976. Give a(28).
36
Let v(q) = 12*q**2 + 73*q + 102. What is v(-2)?
4
Let m(v) = v**2 - 58383*v + 933860. Give m(16).
-12
Let c(s) = 270*s**2 + 322*s + 322. Determine c(-1).
270
Let q(o) = 9*o**2 + 466*o + 3062. Determine q(-8).
-90
Let b(y) = -2*y**3 + 87*y**2 - 282*y + 119. Calculate b(3).
2
Let m(y) = 10170*y - 488146. Determine m(48).
14
Let r(d) = -2*d**2 - 1972*d - 86472. Determine r(-46).
8
Let x(v) = -16*v - 2505. Determine x(-106).
-809
Let c(i) = 54*i**3 + 426*i**2 - 25*i + 175. Give c(-8).
-9
Let q(p) = -849*p + 97632. Determine q(115).
-3
Let a(j) = 176*j**3 + 1587*j**2 + 13*j - 2. What is a(-9)?
124
Let m(c) = -18078*c + 1410084. Give m(78).
0
Let g(q) = -475*q**3 + 3*q**2 + 7*q + 6. What is g(-1)?
477
Let l(q) = 51*q**2 + 4080*q - 69. Determine l(-80).
-69
Let a(b) = -159*b - 29399. Determine a(-189).
652
Let m(w) = -w**2 - 1332*w - 305817. Calculate m(-295).
98
Let c(k) = -3468*k - 55489. Calculate c(-16).
-1
Let j(o) = -222693*o - 10466585. Determine j(-47).
-14
Let v(j) = -j**2 + 17*j + 309. Determine v(-24).
-675
Let y(l) = l**3 + 314*l**2 - 1260*l + 3807. What is y(-318)?
-9
Let n(u) = -u**3 - 23*u**2 - 17*u - 283. Calculate n(-21).
-808
Let d(s) = 194*s + 15856. What is d(-81)?
142
Let o(q) = 3*q**2 + 298*q - 4031. Calculate o(12).
-23
Let j(a) = 4*a**2 - 245*a + 1686. What is j(53)?
-63
Let f(s) = -582*s + 56254. Determine f(93).
2128
Let m(a) = 21*a**2 - 118*a - 1090. Determine m(-8).
1198
Let l(g) = g**3 - 17*g**2 + 2660*g - 33896. What is l(13)?
8
Let r(t) = 7*t**3 - 397*t**2 - 97*t - 1025. Calculate r(57).
-56
Let v(r) = 2*r**3 + 8*r**2 + 77*r - 125. Determine v(-7).
-958
Let x(n) = 46*n**2 + 6984*n - 14013. What is x(2)?
139
Let t(x) = 188*x**2 + 952*x + 31. Determine t(-5).
-29
Let t(r) = -r**2 - 3151*r - 239684. Give t(-78).
10
Let n(y) = 16*y**2 - 157*y + 500. Calculate n(3).
173
Let z(y) = -227*y + 30406. What is z(134)?
-12
Let q(f) = -18*f**3 - 593*f**2 - 27*f + 97. Determine q(-33).
2077
Let h(x) = 37*x**3 + 5028*x**2 - 481*x + 8568. Give h(-136).
0
Let b(v) = -4*v**3 - 113*v**2 + 879*v + 20074. Give b(-30).
4
Let s(p) = -343*p + 81903. Give s(241).
-760
Let q(y) = -y**3 - 51*y**2 - 148*y + 257. Give q(-4).
97
Let s(q) = -6*q**3 + 243*q**2 + 603*q - 29076. Determine s(40).
-156
Let y(i) = -112*i - 2863. Calculate y(-29).
385
Let x(r) = -r**3 - 4*r**2 - 26*r - 57. What is x(-5)?
98
Let z(j) = j**3 - 14*j**2 + 601*j - 6313. Determine z(11).
-65
Let w(y) = 63*y**2 - 2587*y + 58. Calculate w(41).
-106
Let s(r) = 706430*r - 2119239. Determine s(3).
51
Let d(c) = -3*c**3 + 307*c**2 - 4238*c + 2057. What is d(86)?
-7
Let v(h) = h**3 - 40*h**2 - 74*h + 625. Calculate v(41).
-728
Let c(s) = 107*s**2 + 9396*s - 218. Calculate c(-88).
1542
Let s(p) = -p**2 + 4276*p + 451042. Calculate s(-103).
5
Let u(s) = -4*s**3 + 38*s**2 + 225*s - 128. Give u(-7).
1531
Let v(z) = -10*z**2 - 4604*z - 114510. Give v(-434).
66
Let u(d) = -36*d**3 - 286*d**2 - 281*d - 310. Determine u(-7).
-9
Let j(f) = 53*f**3 + 336*f**2 + 8*f - 2. What is j(-6)?
598
Let i(y) = -31*y**2 + 46*y - 127. Calculate i(3).
-268
Let w(a) = 3*a**3 + 390*a**2 + 7*a + 898. Determine w(-130).
-12
Let y(h) = h**3 + 32*h**2 - 405*h - 158. What is y(10)?
-8
Let q(o) = 4810*o - 37450. Determine q(9).
5840
Let k(l) = -l**3 - 189*l**2 - 268*l + 19814. What is k(-187)?
-8
Let m(b) = -1088*b**2 + 14140*b + 53. What is m(13)?
1
Let c(d) = -39*d**2 + 8315*d + 6644. What is c(214)?
10
Let r(v) = -29866*v + 119557. Give r(4).
93
Let f(g) = 15353*g - 122968. Calculate f(8).
-144
Let x(o) = -9234*o + 47479. Give x(5).
1309
Let d(q) = -26897*q - 699323. What is d(-26)?
-1
Let q(u) = -22*u**2 + 801*u - 305. Give q(36).
19
Let u(a) = 47*a**2 + 46*a - 76. Calculate u(2).
204
Let v(q) = q**2 - 366*q - 520140. Give v(927).
-93
Let b(a) = 143*a**2 - 441*a - 1381. Determine b(5).
-11
Let c(t) = 627*t + 319. Determine c(-3).
-1562
Let u(r) = 31865*r - 446111. Give u(14).
-1
Let o(q) = -13334038*q + 106672300. Calculate o(8).
-4
Let f(k) = 20*k**2 - 1181*k - 159. Calculate f(0).
-159
Let z(y) = y**3 - 697*y**2 - 1330*y + 441145. What is z(698)?
9
Let t(z) = 2*z**3 + 50*z**2 + 1058*z + 26434. Give t(-25).
-16
Let r(y) = -252*y**2 + 24927*y + 2089. Determine r(99).
10
Let i(r) = r**2 + 11*r - 1619. Calculate i(-91).
5661
Let c(z) = 321*z**2 + 13042*z + 13042. Give c(-1).
321
Let n(v) = -2460*v**2 - 1293962*v - 1051. Determine n(-526).
1
Let o(f) = 459*f - 8334. Calculate o(18).
-72
Let i(z) = z**3 + 27*z**2 - 1544*z - 227. Determine i(-55).
-7
Let q(f) = 2*f**3 - 61*f**2 - 412*f - 71. Determine q(37).
2482
Let j(v) = -2*v**3 + 2633*v**2 - 23537*v + 17. Calculate j(9).
-1
Let b(q) = -1366*q**2 - 46440*q + 129. Give b(-34).
-7
Let q(a) = -13608*a - 176902. Calculate q(-13).
2
Let g(q) = -q**3 - 10*q**2 + 200*q - 348. Determine g(2).
4
Let p(h) = 5773*h - 11247. Determine p(2).
299
Let k(y) = -5*y**3 - 341*y - 1731. Give k(-5).
599
Let h(c) = -28675*c + 172080. Calculate h(6).
30
Let y(b) = -4*b**2 - 109*b + 1451. Give y(14).
-859
Let f(p) = 47487*p + 284919. Calculate f(-6).
-3
Let g(d) = 2048*d + 337937. Determine g(-165).
17
Let h(c) = 31674*c + 190054. Give h(-6).
10
Let c(z) = z**3 + 84*z**2 + 936*z + 39. Give c(-13).
-130
Let i(a) = -a**2 + 1397*a + 12626. Calculate i(-9).
-28
Let p(y) = -2*y**3 - 159*y**2 - 2451*y + 2487. Determine p(-58).
-7
Let x(p) = -523*p + 131155. Give x(251).
-118
Let x(s) = 17250*s + 327738. Determine x(-19).
-12
Let z(u) = u**3 - 876*u**2 + 205*u 